divide 395?
False
Is 6284 even?
True
Does 44 divide 16984?
True
Is 425 a multiple of 5?
True
Is 10241 a multiple of 133?
True
Is 20 a factor of 8060?
True
Does 3 divide 170?
False
Does 9 divide 4302?
True
Does 4 divide 52?
True
Is 9 a factor of 144?
True
Is 432 a multiple of 8?
True
Is 286 a multiple of 22?
True
Does 76 divide 304?
True
Is 25331 a multiple of 45?
False
Is 28 a factor of 39?
False
Does 84 divide 161373?
False
Is 14927 even?
False
Is 210 a factor of 630?
True
Is 63 a factor of 44667?
True
Is 785 a multiple of 20?
False
Is 96 a multiple of 3?
True
Is 9 a factor of 513?
True
Is 48 a factor of 29586?
False
Does 194 divide 22418?
False
Does 14 divide 532?
True
Is 147 a factor of 14981?
False
Is 29400 a multiple of 26?
False
Is 4632 a multiple of 24?
True
Is 2702 a multiple of 17?
False
Is 17954 a multiple of 11?
False
Is 127 a factor of 9812?
False
Does 80 divide 27189?
False
Does 7 divide 192?
False
Does 19 divide 861?
False
Is 10 a factor of 12640?
True
Is 44178 a multiple of 222?
True
Does 89 divide 119?
False
Is 14 a factor of 1414?
True
Is 127 a factor of 22019?
False
Is 107 a factor of 24068?
False
Is 23 a factor of 2852?
True
Is 21 a factor of 1588?
False
Is 6 a factor of 192?
True
Does 123 divide 407?
False
Is 2511 a multiple of 31?
True
Is 66924 a multiple of 52?
True
Is 67 a factor of 402?
True
Does 9 divide 1219?
False
Is 93 a factor of 6051?
False
Is 72 a multiple of 10?
False
Does 52 divide 11127?
False
Does 77 divide 1637?
False
Does 10 divide 9460?
True
Is 48 a factor of 113?
False
Is 50 a factor of 688?
False
Is 4836 a multiple of 6?
True
Does 9 divide 3627?
True
Is 4325 a multiple of 71?
False
Is 70 a factor of 46523?
False
Does 30 divide 21510?
True
Is 82 a factor of 40754?
True
Does 100 divide 9400?
True
Is 493 a multiple of 17?
True
Does 121 divide 39688?
True
Is 7 a factor of 70?
True
Is 836 a multiple of 3?
False
Does 32 divide 29704?
False
Is 13 a factor of 562?
False
Is 22 a factor of 29524?
True
Is 1920 a multiple of 60?
True
Does 23 divide 736?
True
Is 2918 a multiple of 11?
False
Does 66 divide 9625?
False
Is 51 a factor of 17929?
False
Does 2 divide 524?
True
Does 77 divide 616?
True
Does 25 divide 125?
True
Does 19 divide 12198?
True
Does 17 divide 8993?
True
Does 17 divide 1470?
False
Is 143 a multiple of 8?
False
Is 1219 a multiple of 9?
False
Is 22 a factor of 981?
False
Does 9 divide 90?
True
Does 316 divide 25596?
True
Is 61 a factor of 755?
False
Is 30 a factor of 2970?
True
Is 1176 a multiple of 28?
True
Is 571 even?
False
Is 7225 a multiple of 26?
False
Is 3075 a multiple of 75?
True
Is 25 a factor of 1250?
True
Is 74 a factor of 2908?
False
Does 6 divide 5762?
False
Does 286 divide 61617?
False
Does 53 divide 3763?
True
Is 341 a multiple of 42?
False
Does 11 divide 2145?
True
Is 1568 a multiple of 92?
False
Is 6022 a multiple of 63?
False
Is 82 a multiple of 82?
True
Does 166 divide 29524?
False
Does 45 divide 1350?
True
Does 12 divide 936?
True
Is 14 a factor of 39494?
True
Does 29 divide 1450?
True
Is 13889 a multiple of 19?
True
Is 11084 a multiple of 4?
True
Is 125 a multiple of 4?
False
Is 242 a multiple of 14?
False
Does 50 divide 1128?
False
Does 97 divide 9640?
False
Is 99 a factor of 26235?
True
Does 91 divide 7644?
True
Is 758 a multiple of 32?
False
Does 57 divide 16721?
False
Is 71 a factor of 1152?
False
Does 29 divide 2668?
True
Does 55 divide 2089?
False
Is 3578 a multiple of 117?
False
Does 86 divide 3698?
True
Is 26 a factor of 3432?
True
Does 60 divide 43956?
False
Does 58 divide 427?
False
Does 27 divide 1323?
True
Is 8 a factor of 3585?
False
Does 125 divide 2670?
False
Is 43 a factor of 93?
False
Does 144 divide 115584?
False
Does 35 divide 105?
True
Does 119 divide 6361?
False
Is 64 a factor of 9600?
True
Is 89 a factor of 3649?
True
Does 247 divide 6646?
False
Is 17487 a multiple of 40?
False
Is 67 a factor of 3620?
False
Is 19 a factor of 358?
False
Is 10212 a multiple of 92?
True
Does 28 divide 1349?
False
Does 10 divide 1770?
True
Does 180 divide 19080?
True
Is 326 a multiple of 14?
False
Does 4 divide 200?
True
Is 158 a factor of 1422?
True
Is 13 a factor of 4462?
False
Is 31 a factor of 2269?
False
Does 3 divide 234?
True
Is 18 a factor of 1200?
False
Does 3 divide 324?
True
Is 40 a factor of 928?
False
Is 23 a factor of 55456?
False
Is 2 a factor of 613?
False
Is 12 a factor of 1991?
False
Does 21 divide 62391?
True
Is 32929 a multiple of 111?
False
Is 189 a factor of 43011?
False
Is 19 a factor of 2622?
True
Is 25 a factor of 20775?
True
Does 34 divide 4522?
True
Is 941 a multiple of 12?
False
Is 1178 a multiple of 42?
False
Is 2310 a multiple of 12?
False
Is 67420 a multiple of 20?
True
Does 104 divide 2704?
True
Is 25 a factor of 650?
True
Does 7 divide 1081?
False
Is 3 a factor of 177?
True
Is 67 a factor of 670?
True
Is 149 a factor of 298?
True
Is 28 a factor of 3090?
False
Is 49 a factor of 735?
True
Is 35 a factor of 140?
True
Is 3 a factor of 361?
False
Is 639 a multiple of 11?
False
Does 20 divide 980?
True
Is 65 a factor of 11025?
False
Is 374 a multiple of 19?
False
Is 27 a factor of 7370?
False
Is 8 a factor of 1176?
True
Is 232 a factor of 15544?
True
Is 6 a factor of 2319?
False
Is 51 a factor of 23103?
True
Is 99 a factor of 981?
False
Is 26 a factor of 38350?
True
Does 55 divide 15895?
True
Is 3438 a multiple of 26?
False
Is 25 a factor of 102854?
False
Does 37 divide 49210?
True
Does 20 divide 913?
False
Is 5236 a multiple of 4?
True
Is 26 a factor of 10712?
True
Is 7 a factor of 140?
True
Is 6308 a multiple of 19?
True
Is 4 a factor of 72?
True
Does 4 divide 116?
True
Is 10 a factor of 1330?
True
Is 29 a factor of 1421?
True
Is 13 a factor of 53586?
True
Is 28 a factor of 9884?
True
Is 9 a factor of 2664?
True
Does 4 divide 1090?
False
Is 44 a factor of 77576?
False
Does 56 divide 8171?
False
Is 131 a factor of 26112?
False
Is 315 a multiple of 20?
False
Does 16 divide 123?
False
Does 9 divide 9072?
True
Is 448 a multiple of 6?
False
Does 148 divide 32412?
True
Does 12 divide 3407?
False
Is 8 a factor of 4872?
True
Is 18 a factor of 725?
False
Does 30 divide 9570?
True
Is 33 a factor of 564?
False
Does 115 divide 53935?
True
Is 16381 a multiple of 47?
False
Is 16 a factor of 913?
False
Is 19 a factor of 6182?
False
Is 11 a factor of 25553?
True
Is 56 a factor of 6776?
True
Is 24 a multiple of 24?
True
Is 68155 a multiple of 43?
True
Does 87 divide 4057?
False
Is 14 a factor of 2520?
True
Is 32 a factor of 2656?
True
Is 765 a multiple of 12?
False
Does 60 divide 1500?
True
Does 123 divide 3138?
False
Is 21170 a multiple of 145?
True
Is 19175 a multiple of 13?
True
Does 172 divide 14448?
True
Is 1449 a multiple of 7?
True
Is 412 a multiple of 103?
True
Is 5808 a multiple of 24?
True
Is 465 a multiple of 8?
False
Is 43734 a multiple of 111?
True
Does 9 divide 639?
True
Is 3924 a multiple of 39?
False
Does 5 divide 955?
True
Is 58 a factor of 6090?
True
Is 24 a factor of 21264?
True
Is 1787 a multiple of 8?
False
Is 1854 a multiple of 11?
False
Does 11 divide 1067?
True
Is 157 a multiple of 4?
False
Is 13 a multiple of 2?
False
Is 3 a factor of 134?
False
Is 60 a factor of 2280?
True
Does 76 divide 5251?
False
Does 20 divide 176?
False
Is 5 a factor of 3517?
False
Is 39 a factor of 31902?
True
Is 101 a multiple of 19?
False
Is 10752 a multiple of 21?
True
Does 11 divide 891?
True
Is 4 a factor of 11142?
False
Does 44 divide 8633?
False
Is 96170 a multiple of 59?
True
Does 80 divide 10165?
False
Is 12 a factor of 46584?
True
Is 4473 a multiple of 14?
False
Does 8 divide 9703?
False
Does 20 divide 180?
True
Does 112 divide 11424?
True
Is 12568 a multiple of 8?
True
Does 7 divide 2608?
False
Is 1316 a multiple of 4?
True
Does 13 divide 52?
True
Does 13 divide 12194?
True
Is 1748 a multiple of 19?
True
Does 37 divide 2948?
False
Does 22 divide 293?
False
Is 34 a factor of 5848?
True
Does 12 divide 1825?
False
Is 12 a factor of 510?
False
Is 241 a factor of 53502?
True
Is 23 a factor of 417?
False
Is 9 a factor of 10209?
False
Does 13 divide 177?
False
Is 9 a factor of 153?
True
Is 1478 a multiple of 4?
False
Is 48699 a multiple of 21?
True
Does 90 divide 388?
False
Is 28 a factor of 1120?
True
Is 231 a multiple of 3?
True
Does 3 divide 43?
False
Is 22